 of 8997?
True
Does 35 divide 3227840?
True
Is 1625 a factor of 35628899?
False
Is 226 a factor of 894751980?
False
Is 72 a factor of 4769594712?
True
Does 254 divide 47416031?
False
Does 3510 divide 30002183?
False
Is 788301110 a multiple of 537?
False
Does 15 divide 6858660?
True
Does 612 divide 306746804?
False
Does 831 divide 2797370?
False
Is 2808 a factor of 50605266?
False
Is 2642 a factor of 111349732?
True
Does 71 divide 1347091194?
False
Does 401 divide 7784606?
False
Is 4462 a factor of 211440794?
True
Is 18009403 a multiple of 462?
False
Is 383580352 a multiple of 4345?
False
Is 20 a factor of 13003360?
True
Is 5 a factor of 74446341?
False
Is 588163285 a multiple of 18?
False
Is 114213979 a multiple of 14?
False
Is 41801003 a multiple of 27?
False
Does 10 divide 61198220?
True
Is 3944 a factor of 486555504?
True
Is 18864742 a multiple of 44?
False
Is 1028828890 a multiple of 5855?
True
Is 27488446 a multiple of 797?
False
Does 1553 divide 348121315?
False
Is 33 a factor of 206106648?
True
Is 398502147 a multiple of 90?
False
Is 15 a factor of 116905180?
False
Does 44 divide 797648984?
True
Does 6545 divide 663390290?
False
Is 285729201 a multiple of 113?
True
Is 5438138368 a multiple of 11181?
False
Does 1107 divide 86384745?
True
Is 18898940 a multiple of 114?
False
Is 150 a factor of 338545894?
False
Is 202 a factor of 435639249?
False
Is 73655609 a multiple of 70?
False
Does 2662 divide 642632235?
False
Is 84 a factor of 292590722?
False
Is 973002226 a multiple of 8247?
False
Is 1632 a factor of 693332918?
False
Is 39560452 a multiple of 8?
False
Is 10 a factor of 1657196360?
True
Is 15 a factor of 753807482?
False
Is 185861286 a multiple of 9?
True
Is 8086 a factor of 1183378030?
False
Does 92 divide 2024025208?
True
Is 18669840 a multiple of 16?
True
Is 526 a factor of 162753126?
False
Is 15 a factor of 361800?
True
Does 2466 divide 1261720499?
False
Is 7 a factor of 21776082?
False
Is 1460179403 a multiple of 23?
True
Is 155 a factor of 54124546?
False
Is 1117 a factor of 605146889?
False
Is 2491883917 a multiple of 4007?
False
Is 1271756403 a multiple of 206?
False
Does 110 divide 23408418?
False
Is 95 a factor of 175376270?
True
Is 7377266 a multiple of 13?
True
Is 2082 a factor of 281299020?
True
Does 34 divide 3178805673?
False
Is 89 a factor of 116162978?
True
Is 160 a factor of 488496160?
True
Does 37 divide 8670950?
True
Is 3587 a factor of 44943908?
False
Is 704 a factor of 13633818?
False
Is 1574115756 a multiple of 12?
True
Is 9045 a factor of 129135465?
True
Does 85 divide 5614915?
False
Does 2462 divide 134341492?
True
Is 223169502 a multiple of 232?
False
Is 23 a factor of 1641985709?
True
Is 26770999 a multiple of 352?
False
Is 1552313502 a multiple of 11658?
False
Is 16278378 a multiple of 2884?
False
Does 33 divide 81114273?
False
Is 203 a factor of 7722120?
True
Is 42 a factor of 34540168?
False
Is 2548233945 a multiple of 34?
False
Is 659 a factor of 45946713?
False
Is 11 a factor of 4820888?
False
Is 16866825 a multiple of 38?
False
Is 31895998 a multiple of 134?
False
Does 146 divide 4141514?
False
Is 107 a factor of 58690570?
True
Is 26 a factor of 10054263?
False
Is 6312030 a multiple of 50?
False
Does 932 divide 75362862?
False
Is 36 a factor of 1901?
False
Is 4201 a factor of 1488569737?
True
Does 12 divide 333227424?
True
Is 943 a factor of 34172434?
True
Does 2277 divide 365120002?
False
Does 23 divide 38152630?
True
Does 487 divide 28325379?
False
Is 3216345 a multiple of 965?
True
Is 2728181162 a multiple of 72?
False
Is 826 a factor of 16394734?
False
Is 320 a factor of 383584960?
True
Is 138797392 a multiple of 3?
False
Is 2128315671 a multiple of 21?
False
Is 6 a factor of 52594164?
True
Is 9102610 a multiple of 22?
True
Is 1077532471 a multiple of 7?
False
Is 1273 a factor of 166790866?
False
Is 140804660 a multiple of 410?
True
Is 88 a factor of 1018909458?
False
Is 4843 a factor of 962308943?
True
Is 321 a factor of 36206553?
True
Is 425905410 a multiple of 14?
True
Is 203 a factor of 74625544?
False
Is 875132120 a multiple of 229?
False
Is 96950640 a multiple of 157?
True
Is 59 a factor of 53574529?
False
Does 304 divide 21417444?
False
Is 147204688 a multiple of 8?
True
Is 10 a factor of 9209890?
True
Is 38680368 a multiple of 8?
True
Does 23 divide 29943562?
True
Does 26 divide 12208716?
True
Does 27 divide 198778480?
False
Is 3818 a factor of 2625566058?
True
Is 140 a factor of 948295600?
True
Is 256942428 a multiple of 3?
True
Does 1296 divide 214742016?
True
Does 14 divide 178324566?
True
Does 370 divide 42040633?
False
Does 137 divide 264660190?
False
Does 256 divide 573894400?
True
Is 25 a factor of 178266425?
True
Is 327 a factor of 176283085?
False
Is 1973 a factor of 231501955?
True
Is 9866386 a multiple of 717?
False
Does 3 divide 4912164?
True
Does 14 divide 19477178?
True
Is 184399406 a multiple of 144?
False
Is 177 a factor of 3980321?
False
Is 31402384 a multiple of 369?
False
Is 847 a factor of 132242155?
False
Does 464 divide 221262838?
False
Does 234 divide 59038869?
False
Is 65049364 a multiple of 1436?
True
Does 34 divide 503457411?
False
Is 2069 a factor of 109456307?
True
Is 1409237339 a multiple of 899?
True
Is 5005677418 a multiple of 528?
False
Is 17 a factor of 25147799?
False
Is 5508 a factor of 81298080?
True
Does 10 divide 160956690?
True
Is 216 a factor of 2505611205?
False
Is 336 a factor of 17699808?
True
Does 22 divide 62222502?
False
Is 120130186 a multiple of 811?
True
Is 46 a factor of 271905999?
False
Is 188 a factor of 399043879?
False
Is 9894700 a multiple of 61?
False
Is 884911744 a multiple of 544?
True
Is 20308055 a multiple of 8?
False
Does 1693 divide 380165168?
False
Is 5 a factor of 33971195?
True
Is 248059085 a multiple of 11?
False
Is 5 a factor of 21279790?
True
Is 3 a factor of 4543761?
True
Is 343932160 a multiple of 704?
True
Is 14 a factor of 139430831?
False
Is 242 a factor of 14598307?
False
Is 10 a factor of 457531724?
False
Is 178764819 a multiple of 38?
False
Does 3930 divide 281686680?
True
Is 298 a factor of 10276676?
False
Is 1394 a factor of 1519344542?
False
Is 11140 a factor of 636996340?
True
Is 45 a factor of 244007574?
False
Does 718 divide 115800476?
True
Does 1207 divide 22579718?
False
Is 6910893789 a multiple of 18?
False
Does 2473 divide 1261712235?
True
Is 18417152 a multiple of 416?
True
Does 9 divide 91314207?
True
Is 5677165273 a multiple of 245?
False
Is 1578607142 a multiple of 197?
False
Is 336 a factor of 85555394?
False
Is 27 a factor of 106009209?
True
Is 2087458583 a multiple of 1135?
False
Does 2929 divide 985250139?
False
Is 832052416 a multiple of 1196?
True
Is 812 a factor of 17415776?
True
Is 62 a factor of 235120484?
False
Is 19 a factor of 4069637?
False
Is 4 a factor of 110104236?
True
Does 126 divide 616773074?
False
Is 27856196 a multiple of 662?
False
Is 16233283 a multiple of 13?
False
Is 2259902601 a multiple of 81?
False
Is 40083960 a multiple of 735?
True
Is 28 a factor of 707336112?
True
Is 21 a factor of 282555921?
False
Is 205796348 a multiple of 1375?
False
Does 63 divide 23982783?
False
Does 16 divide 71437444?
False
Does 43 divide 2225840255?
False
Is 111 a factor of 758560458?
True
Does 6 divide 4515329505?
False
Does 23 divide 54573641?
True
Is 111 a factor of 408995151?
True
Is 16 a factor of 17044910?
False
Is 22 a factor of 43100915?
False
Is 147514303 a multiple of 28?
False
Does 186 divide 150742956?
True
Is 240 a factor of 2802960?
True
Is 15 a factor of 115011277?
False
Is 4 a factor of 33829019?
False
Is 23058204 a multiple of 78?
True
Is 69708239 a multiple of 14?
False
Does 173 divide 4265457348?
False
Is 62600916 a multiple of 12?
True
Is 712 a factor of 35194872?
True
Is 5383368 a multiple of 54?
True
Does 59 divide 3070690046?
True
Is 53131736 a multiple of 480?
False
Is 922962336 a multiple of 14?
False
Is 9 a factor of 2268969162?
False
Does 2362 divide 68280696?
True
Does 667 divide 1138521546?
False
Is 134117984 a multiple of 1232?
True
Does 8 divide 22412?
False
Is 6 a factor of 16098246?
True
Is 7 a factor of 14014876?
False
Does 1362 divide 152136577?
False
Does 60 divide 24836280?
True
Is 155552234 a multiple of 16?
False
Is 839742234 a multiple of 1513?
True
I